alse
Is 5640360911 composite?
False
Is 13094992867 composite?
True
Is 2937138587 a composite number?
False
Is 19158381089 prime?
True
Is 205341345967 a prime number?
True
Is 1439399743 a composite number?
True
Is 3171824974 prime?
False
Is 135038957 composite?
True
Is 4425041667 a composite number?
True
Is 35377723 composite?
True
Is 659789233 composite?
False
Is 112318631 a composite number?
True
Is 8127587359 a prime number?
False
Is 9912990341 composite?
True
Is 53903127191 a prime number?
True
Is 7735254581 a composite number?
False
Is 6028022641 prime?
True
Is 10057445879 prime?
False
Is 823483417 composite?
True
Is 11249053193 composite?
True
Is 324891647 a prime number?
True
Is 6101487607 a composite number?
True
Is 11917261765 prime?
False
Is 64873942481 composite?
True
Is 586079918 a prime number?
False
Is 4815481129 prime?
True
Is 101549533 a prime number?
True
Is 1995532349 prime?
True
Is 168026039 a composite number?
False
Is 1587016149 composite?
True
Is 5488582317 a composite number?
True
Is 637850611 prime?
False
Is 8234251351 prime?
False
Is 1615760079 a prime number?
False
Is 6429589979 prime?
False
Is 1535599981 a composite number?
True
Is 13343298569 composite?
False
Is 3118228879 composite?
False
Is 3118171153 composite?
False
Is 160907731 prime?
True
Is 14693472773 composite?
True
Is 5959415837 a composite number?
False
Is 17897749655 composite?
True
Is 3211769321 prime?
True
Is 15310951499 a prime number?
True
Is 18650072257 a composite number?
False
Is 360415867 composite?
True
Is 6457095143 prime?
True
Is 3561486793 a composite number?
False
Is 5840238401 composite?
False
Is 1544814086 a prime number?
False
Is 55838251009 a prime number?
True
Is 136301497543 prime?
True
Is 18068311439 composite?
False
Is 37809470053 prime?
False
Is 3800476739 a composite number?
False
Is 1922845207 prime?
True
Is 1996743457 composite?
False
Is 17148825443 a composite number?
True
Is 293408756383 prime?
False
Is 1642355401 prime?
True
Is 705318467 a prime number?
False
Is 269185717 composite?
False
Is 44530351361 prime?
False
Is 7782968015 composite?
True
Is 363068107 composite?
False
Is 350340973 prime?
True
Is 1276446221 prime?
True
Is 429227999 composite?
False
Is 140027959 prime?
False
Is 194454613 composite?
False
Is 2572113067 composite?
False
Is 6546803597 a composite number?
True
Is 12280561637 composite?
True
Is 621372331 a prime number?
True
Is 235171934927 a composite number?
True
Is 35310252514 prime?
False
Is 5869609987 composite?
False
Is 17548978891 a composite number?
False
Is 317149613 a composite number?
True
Is 523783987 a prime number?
True
Is 10375021667 composite?
True
Is 1061083571 a composite number?
True
Is 12411588517 a prime number?
True
Is 42693518011 composite?
False
Is 546994207 a prime number?
False
Is 68153105 a composite number?
True
Is 5784083923 a prime number?
False
Is 3989291477 prime?
False
Is 212621797 prime?
True
Is 316643011 composite?
True
Is 9678691643 a composite number?
False
Is 973566109 prime?
False
Is 42757888967 a composite number?
True
Is 34422394315 composite?
True
Is 6510523927 prime?
False
Is 738949157 prime?
True
Is 1922771801 composite?
True
Is 9572404463 a prime number?
True
Is 58618591679 a prime number?
True
Is 35006091233 prime?
True
Is 31762352471 a prime number?
False
Is 10068599357 prime?
True
Is 49380697 composite?
False
Is 70298631883 a prime number?
True
Is 2216192045 a prime number?
False
Is 943779377 a prime number?
False
Is 19679819065 a prime number?
False
Is 176602263613 prime?
True
Is 2635080771 composite?
True
Is 4928616877 prime?
True
Is 304777871 a prime number?
True
Is 7769504315 composite?
True
Is 27700633 a prime number?
False
Is 9125422513 prime?
False
Is 1058742199 a prime number?
True
Is 7786874699 a composite number?
True
Is 243414397 prime?
True
Is 15918513565 composite?
True
Is 9143615289 a prime number?
False
Is 30616544503 prime?
False
Is 15411359 composite?
True
Is 1474058543 prime?
True
Is 33591975487 a composite number?
True
Is 493155301 composite?
True
Is 12706123589 composite?
False
Is 235438543 a composite number?
True
Is 3566688197 composite?
False
Is 128943437 composite?
True
Is 45695045749 a composite number?
True
Is 2115688427 a prime number?
True
Is 114654679 prime?
False
Is 2344030891 a composite number?
False
Is 30148573289 a composite number?
False
Is 90983503999 prime?
True
Is 6289278581 a composite number?
False
Is 4405940719 composite?
False
Is 43815983 a composite number?
True
Is 39351058927 a composite number?
True
Is 97079479 a composite number?
True
Is 1581666727 composite?
True
Is 250575196073 prime?
True
Is 567015835 a composite number?
True
Is 852334361 prime?
True
Is 80398736557 a composite number?
True
Is 5233499431 a composite number?
False
Is 1505010043 a prime number?
True
Is 26744795039 composite?
True
Is 6238591285 prime?
False
Is 3577304281 composite?
False
Is 19747737517 a composite number?
True
Is 30975679793 prime?
False
Is 83342521 composite?
False
Is 696861287 prime?
False
Is 1990078499 composite?
False
Is 121499725169 prime?
False
Is 27084135797 prime?
False
Is 968111215 composite?
True
Is 1426052249 prime?
True
Is 8952566389 a prime number?
False
Is 168387143 composite?
True
Is 89958497077 composite?
False
Is 426067049 composite?
False
Is 29454253 prime?
True
Is 7913327 a composite number?
False
Is 23949446606 composite?
True
Is 62702810503 composite?
True
Is 11831777031 composite?
True
Is 100221607 prime?
True
Is 312358817 a prime number?
False
Is 31479510823 a composite number?
False
Is 97923773 a composite number?
True
Is 821449549 a prime number?
True
Is 1451967683 a composite number?
True
Is 11107483403 prime?
False
Is 26668497677 prime?
False
Is 74308081279 prime?
False
Is 91278986339 composite?
True
Is 815815921 composite?
False
Is 752292889 a prime number?
True
Is 5275691255 prime?
False
Is 7457197621 composite?
False
Is 21496283491 prime?
False
Is 45172860347 a prime number?
True
Is 4483188007 a prime number?
False
Is 7055293759 composite?
False
Is 154884107839 a composite number?
True
Is 139316993341 a prime number?
True
Is 10191989221 a composite number?
False
Is 452723261 prime?
True
Is 62909213893 a composite number?
False
Is 2033624491 prime?
True
Is 3838007993 a composite number?
True
Is 78396965 prime?
False
Is 8221360003 prime?
False
Is 827851153 composite?
False
Is 1768437247 prime?
False
Is 9933902939 a composite number?
True
Is 32056482739 a composite number?
False
Is 2741908009 a prime number?
True
Is 712390069 a composite number?
False
Is 89486118439 a composite number?
False
Is 931490863 prime?
False
Is 693172063 a composite number?
False
Is 5869818331 composite?
True
Is 2447746861 composite?
True
Is 5414981213 a prime number?
False
Is 6188864063 composite?
False
Is 2051029985 a prime number?
False
Is 4873790303 a prime number?
False
Is 1179303877 composite?
False
Is 5430961433 composite?
True
Is 19984814917 a composite number?
True
Is 5194790206 composite?
True
Is 1838813567 a prime number?
True
Is 93032834957 a composite number?
False
Is 106233174427 prime?
False
Is 1036031741 composite?
False
Is 34945783871 prime?
True
Is 566494261 a prime number?
False
Is 364483291 a prime number?
False
Is 6489391966 a composite number?
True
Is 9207346891 composite?
True
Is 203852741 a composite number?
False
Is 184445797 prime?
True
Is 189843259 a composite number?
True
Is 28280657819 a composite number?
True
Is 1009780487 composite?
False
Is 123234292987 prime?
False
Is 846858869 a composite number?
False
Is 655732769 prime?
False
Is 1823348831 prime?
True
Is 27833668147 prime?
False
Is 1015716217 a prime number?
True
Is 2691449833 a composite number?
False
Is 1529924791 a composite number?
False
Is 1821201713 composite?
False
Is 978649401 composite?
True
Is 18291047 composite?
False
Is 1394112229 a composite number?
False
Is 41406072919 a prime number?
False
Is 41015049967 a composite number?
False
Is 294103892969 a prime number?
True
Is 20903821 a composite number?
False
Is 9990329321 composite?
True
Is 1458792191 composite?
True
Is 1711663801 composite?
False
Is 5647825177 prime?
True
Is 1522714937 a composite number?
False
Is 928228249 composite?
True
Is 2808605263 composite?
False
Is 2797900631